{"id":171,"date":"2024-01-18T14:06:41","date_gmt":"2024-01-18T13:06:41","guid":{"rendered":"https:\/\/belfortestart.com\/?page_id=171"},"modified":"2024-01-24T16:28:42","modified_gmt":"2024-01-24T15:28:42","slug":"les-membres-de-la-cer","status":"publish","type":"page","link":"https:\/\/belfortestart.com\/index.php\/les-membres-de-la-cer\/","title":{"rendered":"Les membres de la CER"},"content":{"rendered":"\n<div class=\"wp-block-group has-global-padding is-layout-constrained wp-container-core-group-is-layout-5986cb94 wp-block-group-is-layout-constrained\" style=\"margin-top:0;margin-bottom:var(--wp--preset--spacing--xx-large);padding-top:0;padding-right:0;padding-bottom:0;padding-left:0\">\n<div class=\"wp-block-columns animated animated-fadeInUp is-layout-flex wp-container-core-columns-is-layout-e0dbcd4b wp-block-columns-is-layout-flex\" style=\"margin-top:0;margin-bottom:0;padding-top:var(--wp--preset--spacing--medium);padding-bottom:var(--wp--preset--spacing--medium)\">\n<div class=\"wp-block-column is-layout-flow wp-block-column-is-layout-flow\" style=\"flex-basis:33.33%\">\n<figure class=\"wp-block-image size-large is-resized\"><a href=\"https:\/\/www.grandbelfort.fr\/\" target=\"_blank\" rel=\"noreferrer noopener\"><img loading=\"lazy\" decoding=\"async\" width=\"1024\" height=\"418\" src=\"http:\/\/belfortestart.com\/wp-content\/uploads\/2024\/01\/logo_grand_belfort-1024x418.png\" alt=\"\" class=\"wp-image-787\" style=\"aspect-ratio:1;object-fit:contain;width:250px\" srcset=\"https:\/\/belfortestart.com\/wp-content\/uploads\/2024\/01\/logo_grand_belfort-1024x418.png 1024w, https:\/\/belfortestart.com\/wp-content\/uploads\/2024\/01\/logo_grand_belfort-300x123.png 300w, https:\/\/belfortestart.com\/wp-content\/uploads\/2024\/01\/logo_grand_belfort-768x314.png 768w, https:\/\/belfortestart.com\/wp-content\/uploads\/2024\/01\/logo_grand_belfort-1536x627.png 1536w, https:\/\/belfortestart.com\/wp-content\/uploads\/2024\/01\/logo_grand_belfort-2048x837.png 2048w\" sizes=\"auto, (max-width: 1024px) 100vw, 1024px\" \/><\/a><\/figure>\n<\/div>\n\n\n\n<div class=\"wp-block-column is-layout-flow wp-block-column-is-layout-flow\" style=\"flex-basis:66.66%\">\n<h2 class=\"wp-block-heading\">Grand Belfort<\/h2>\n\n\n\n<p>Communaut\u00e9 d&#8217;agglom\u00e9ration du d\u00e9partement du Territoire de Belfort et de la r\u00e9gion Bourgogne-Franche-Comt\u00e9, Grand Belfort est tr\u00e8s pr\u00e9sent dans les projets innovants, aussi bien techniques et scientifiques (soutien aux start-ups, aux entreprises, aide au montage de projets) que sociaux (tiers-lieux, participation citoyenne, conseil de d\u00e9veloppement), c\u2019est le porteur du projet.<\/p>\n<\/div>\n<\/div>\n\n\n\n<div class=\"wp-block-columns animated animated-fadeInUp is-layout-flex wp-container-core-columns-is-layout-e0dbcd4b wp-block-columns-is-layout-flex\" style=\"margin-top:0;margin-bottom:0;padding-top:var(--wp--preset--spacing--medium);padding-bottom:var(--wp--preset--spacing--medium)\">\n<div class=\"wp-block-column is-layout-flow wp-block-column-is-layout-flow\" style=\"flex-basis:33.33%\">\n<figure class=\"wp-block-image size-full is-resized\"><a href=\"https:\/\/www.utbm.fr\/\" target=\"_blank\" rel=\"noreferrer noopener\"><img loading=\"lazy\" decoding=\"async\" width=\"631\" height=\"251\" src=\"http:\/\/belfortestart.com\/wp-content\/uploads\/2024\/01\/logo_utbm_baseline-e1706101928305.webp\" alt=\"\" class=\"wp-image-786\" style=\"aspect-ratio:1;object-fit:contain;width:250px\" srcset=\"https:\/\/belfortestart.com\/wp-content\/uploads\/2024\/01\/logo_utbm_baseline-e1706101928305.webp 631w, https:\/\/belfortestart.com\/wp-content\/uploads\/2024\/01\/logo_utbm_baseline-e1706101928305-300x119.webp 300w\" sizes=\"auto, (max-width: 631px) 100vw, 631px\" \/><\/a><\/figure>\n<\/div>\n\n\n\n<div class=\"wp-block-column is-layout-flow wp-block-column-is-layout-flow\" style=\"flex-basis:66.66%\">\n<h2 class=\"wp-block-heading\">UTBM<\/h2>\n\n\n\n<p>Acteur incontournable de la formation en ing\u00e9nierie, de la recherche, et de l\u2019innovation en<br>Nord Franche-Comt\u00e9, l&#8217;Universit\u00e9 de technologie de Belfort Montb\u00e9liard voit dans ce projet de multiples avantages en mati\u00e8re p\u00e9dagogique et de d\u00e9veloppement de la recherche. Ce d\u00e9monstrateur pratique \u00e0 \u00e9chelle 1 sera coh\u00e9rent et compl\u00e9mentaire de nombreux autres projets de recherche men\u00e9s actuellement par ses \u00e9quipes (Evelhy, CodVer, etc.).<\/p>\n<\/div>\n<\/div>\n\n\n\n<div class=\"wp-block-columns animated animated-fadeInUp is-layout-flex wp-container-core-columns-is-layout-e0dbcd4b wp-block-columns-is-layout-flex\" style=\"margin-top:0;margin-bottom:0;padding-top:var(--wp--preset--spacing--medium);padding-bottom:var(--wp--preset--spacing--medium)\">\n<div class=\"wp-block-column is-layout-flow wp-block-column-is-layout-flow\" style=\"flex-basis:33.33%\">\n<figure class=\"wp-block-image size-full is-resized is-style-default\"><a href=\"https:\/\/tandem.immo\/\" target=\"_blank\" rel=\"noreferrer noopener\"><img loading=\"lazy\" decoding=\"async\" width=\"548\" height=\"106\" src=\"http:\/\/belfortestart.com\/wp-content\/uploads\/2024\/01\/logo_tandem-e1706101816477.png\" alt=\"\" class=\"wp-image-789\" style=\"aspect-ratio:1;object-fit:contain;width:250px\" srcset=\"https:\/\/belfortestart.com\/wp-content\/uploads\/2024\/01\/logo_tandem-e1706101816477.png 548w, https:\/\/belfortestart.com\/wp-content\/uploads\/2024\/01\/logo_tandem-e1706101816477-300x58.png 300w\" sizes=\"auto, (max-width: 548px) 100vw, 548px\" \/><\/a><\/figure>\n<\/div>\n\n\n\n<div class=\"wp-block-column is-layout-flow wp-block-column-is-layout-flow\" style=\"flex-basis:66.66%\">\n<h2 class=\"wp-block-heading\">Tandem<\/h2>\n\n\n\n<p>Propri\u00e9taire et gestionnaire d\u2019un patrimoine immobilier important sur le Techn\u2019Hom<br>Belfortain, Tandem cherche, tout en poursuivant sa trajectoire ambitieuse de r\u00e9novation<br>\u00e9nerg\u00e9tique des b\u00e2timents tertiaires pour atteindre les objectifs du \u00ab d\u00e9cret tertiaire \u00bb de la loi ELAN, \u00e0 capitaliser sur l\u2019historique et les forces du site de Techn\u2019Hom pour en faire un site pilote d\u00e9montrant l\u2019int\u00e9r\u00eat et le potentiel de la notion de communaut\u00e9 \u00e9nerg\u00e9tique face aux enjeux de la ville durable, et le r\u00e9pliquer ensuite sur ses autres projets.<\/p>\n<\/div>\n<\/div>\n<\/div>\n","protected":false},"excerpt":{"rendered":"<p>Grand Belfort Communaut\u00e9 d&#8217;agglom\u00e9ration du d\u00e9partement du Territoire de Belfort et de la r\u00e9gion Bourgogne-Franche-Comt\u00e9, Grand Belfort est tr\u00e8s pr\u00e9sent dans les projets innovants, aussi bien techniques et scientifiques (soutien aux start-ups, aux entreprises, aide au montage de projets) que sociaux (tiers-lieux, participation citoyenne, conseil de d\u00e9veloppement), c\u2019est le porteur du projet. UTBM Acteur incontournable [&hellip;]<\/p>\n","protected":false},"author":7,"featured_media":0,"parent":0,"menu_order":0,"comment_status":"closed","ping_status":"closed","template":"","meta":{"footnotes":""},"class_list":["post-171","page","type-page","status-publish","hentry"],"_links":{"self":[{"href":"https:\/\/belfortestart.com\/index.php\/wp-json\/wp\/v2\/pages\/171","targetHints":{"allow":["GET"]}}],"collection":[{"href":"https:\/\/belfortestart.com\/index.php\/wp-json\/wp\/v2\/pages"}],"about":[{"href":"https:\/\/belfortestart.com\/index.php\/wp-json\/wp\/v2\/types\/page"}],"author":[{"embeddable":true,"href":"https:\/\/belfortestart.com\/index.php\/wp-json\/wp\/v2\/users\/7"}],"replies":[{"embeddable":true,"href":"https:\/\/belfortestart.com\/index.php\/wp-json\/wp\/v2\/comments?post=171"}],"version-history":[{"count":17,"href":"https:\/\/belfortestart.com\/index.php\/wp-json\/wp\/v2\/pages\/171\/revisions"}],"predecessor-version":[{"id":876,"href":"https:\/\/belfortestart.com\/index.php\/wp-json\/wp\/v2\/pages\/171\/revisions\/876"}],"wp:attachment":[{"href":"https:\/\/belfortestart.com\/index.php\/wp-json\/wp\/v2\/media?parent=171"}],"curies":[{"name":"wp","href":"https:\/\/api.w.org\/{rel}","templated":true}]}}

<div class="wp-block-group has-global-padding is-layout-constrained wp-container-core-group-is-layout-5986cb94 wp-block-group-is-layout-constrained" style="margin-top:0;margin-bottom:var(--wp--preset--spacing--xx-large);padding-top:0;padding-right:0;padding-bottom:0;padding-left:0">
<div class="wp-block-columns animated animated-fadeInUp is-layout-flex wp-container-core-columns-is-layout-e0dbcd4b wp-block-columns-is-layout-flex" style="margin-top:0;margin-bottom:0;padding-top:var(--wp--preset--spacing--medium);padding-bottom:var(--wp--preset--spacing--medium)">
<div class="wp-block-column is-layout-flow wp-block-column-is-layout-flow" style="flex-basis:33.33%">
<figure class="wp-block-image size-large is-resized"><a href="https://www.grandbelfort.fr/" target="_blank" rel="noreferrer noopener"><img loading="lazy" decoding="async" width="1024" height="418" src="http://belfortestart.com/wp-content/uploads/2024/01/logo_grand_belfort-1024x418.png" alt="" class="wp-image-787" style="aspect-ratio:1;object-fit:contain;width:250px" srcset="https://belfortestart.com/wp-content/uploads/2024/01/logo_grand_belfort-1024x418.png 1024w, https://belfortestart.com/wp-content/uploads/2024/01/logo_grand_belfort-300x123.png 300w, https://belfortestart.com/wp-content/uploads/2024/01/logo_grand_belfort-768x314.png 768w, https://belfortestart.com/wp-content/uploads/2024/01/logo_grand_belfort-1536x627.png 1536w, https://belfortestart.com/wp-content/uploads/2024/01/logo_grand_belfort-2048x837.png 2048w" sizes="auto, (max-width: 1024px) 100vw, 1024px" /></a></figure>
</div>



<div class="wp-block-column is-layout-flow wp-block-column-is-layout-flow" style="flex-basis:66.66%">
<h2 class="wp-block-heading">Grand Belfort</h2>



<p>Communauté d&#8217;agglomération du département du Territoire de Belfort et de la région Bourgogne-Franche-Comté, Grand Belfort est très présent dans les projets innovants, aussi bien techniques et scientifiques (soutien aux start-ups, aux entreprises, aide au montage de projets) que sociaux (tiers-lieux, participation citoyenne, conseil de développement), c’est le porteur du projet.</p>
</div>
</div>



<div class="wp-block-columns animated animated-fadeInUp is-layout-flex wp-container-core-columns-is-layout-e0dbcd4b wp-block-columns-is-layout-flex" style="margin-top:0;margin-bottom:0;padding-top:var(--wp--preset--spacing--medium);padding-bottom:var(--wp--preset--spacing--medium)">
<div class="wp-block-column is-layout-flow wp-block-column-is-layout-flow" style="flex-basis:33.33%">
<figure class="wp-block-image size-full is-resized"><a href="https://www.utbm.fr/" target="_blank" rel="noreferrer noopener"><img loading="lazy" decoding="async" width="631" height="251" src="http://belfortestart.com/wp-content/uploads/2024/01/logo_utbm_baseline-e1706101928305.webp" alt="" class="wp-image-786" style="aspect-ratio:1;object-fit:contain;width:250px" srcset="https://belfortestart.com/wp-content/uploads/2024/01/logo_utbm_baseline-e1706101928305.webp 631w, https://belfortestart.com/wp-content/uploads/2024/01/logo_utbm_baseline-e1706101928305-300x119.webp 300w" sizes="auto, (max-width: 631px) 100vw, 631px" /></a></figure>
</div>



<div class="wp-block-column is-layout-flow wp-block-column-is-layout-flow" style="flex-basis:66.66%">
<h2 class="wp-block-heading">UTBM</h2>



<p>Acteur incontournable de la formation en ingénierie, de la recherche, et de l’innovation en<br>Nord Franche-Comté, l&#8217;Université de technologie de Belfort Montbéliard voit dans ce projet de multiples avantages en matière pédagogique et de développement de la recherche. Ce démonstrateur pratique à échelle 1 sera cohérent et complémentaire de nombreux autres projets de recherche menés actuellement par ses équipes (Evelhy, CodVer, etc.).</p>
</div>
</div>



<div class="wp-block-columns animated animated-fadeInUp is-layout-flex wp-container-core-columns-is-layout-e0dbcd4b wp-block-columns-is-layout-flex" style="margin-top:0;margin-bottom:0;padding-top:var(--wp--preset--spacing--medium);padding-bottom:var(--wp--preset--spacing--medium)">
<div class="wp-block-column is-layout-flow wp-block-column-is-layout-flow" style="flex-basis:33.33%">
<figure class="wp-block-image size-full is-resized is-style-default"><a href="https://tandem.immo/" target="_blank" rel="noreferrer noopener"><img loading="lazy" decoding="async" width="548" height="106" src="http://belfortestart.com/wp-content/uploads/2024/01/logo_tandem-e1706101816477.png" alt="" class="wp-image-789" style="aspect-ratio:1;object-fit:contain;width:250px" srcset="https://belfortestart.com/wp-content/uploads/2024/01/logo_tandem-e1706101816477.png 548w, https://belfortestart.com/wp-content/uploads/2024/01/logo_tandem-e1706101816477-300x58.png 300w" sizes="auto, (max-width: 548px) 100vw, 548px" /></a></figure>
</div>



<div class="wp-block-column is-layout-flow wp-block-column-is-layout-flow" style="flex-basis:66.66%">
<h2 class="wp-block-heading">Tandem</h2>



<p>Propriétaire et gestionnaire d’un patrimoine immobilier important sur le Techn’Hom<br>Belfortain, Tandem cherche, tout en poursuivant sa trajectoire ambitieuse de rénovation<br>énergétique des bâtiments tertiaires pour atteindre les objectifs du « décret tertiaire » de la loi ELAN, à capitaliser sur l’historique et les forces du site de Techn’Hom pour en faire un site pilote démontrant l’intérêt et le potentiel de la notion de communauté énergétique face aux enjeux de la ville durable, et le répliquer ensuite sur ses autres projets.</p>
</div>
</div>
</div>

<p>Grand Belfort Communauté d&#8217;agglomération du département du Territoire de Belfort et de la région Bourgogne-Franche-Comté, Grand Belfort est très présent dans les projets innovants, aussi bien techniques et scientifiques (soutien aux start-ups, aux entreprises, aide au montage de projets) que sociaux (tiers-lieux, participation citoyenne, conseil de développement), c’est le porteur du projet. UTBM Acteur incontournable [&hellip;]</p>
